{"id":4773,"date":"2016-10-05T22:49:36","date_gmt":"2016-10-05T20:49:36","guid":{"rendered":"http:\/\/stigalban.goodgallery.com\/blog\/?page_id=4773"},"modified":"2020-08-04T22:28:18","modified_gmt":"2020-08-04T20:28:18","slug":"blog","status":"publish","type":"page","link":"https:\/\/stigalbansson.se\/blog\/","title":{"rendered":"Blog"},"content":{"rendered":"<p>[et_pb_section fb_built=&#8221;1&#8243; fullwidth=&#8221;on&#8221; _builder_version=&#8221;3.29.3&#8243;][et_pb_fullwidth_header title=&#8221;Fotouppdrag&#8221; subhead=&#8221;Stig Albansson &#8211; blogg&#8221; text_orientation=&#8221;center&#8221; header_fullscreen=&#8221;on&#8221; background_overlay_color=&#8221;rgba(0,0,0,0)&#8221; _builder_version=&#8221;4.5.3&#8243; title_text_align=&#8221;center&#8221; title_text_color=&#8221;#ffffff&#8221; title_font_size=&#8221;48px&#8221; subhead_text_align=&#8221;center&#8221; subhead_text_color=&#8221;#ffffff&#8221; subhead_font_size=&#8221;24px&#8221; background_color=&#8221;#7a7a7a&#8221; background_image=&#8221;https:\/\/www.stigalbansson.se\/blog\/wp-content\/uploads\/2020\/08\/20160304_P1230722-1024&#215;769.jpg&#8221; background_layout=&#8221;light&#8221; title_font_size_tablet=&#8221;30px&#8221; title_font_size_phone=&#8221;28px&#8221; title_font_size_last_edited=&#8221;on|phone&#8221; border_width_all_image=&#8221;20px&#8221; border_color_all_image=&#8221;rgba(0,0,0,0)&#8221;][\/et_pb_fullwidth_header][\/et_pb_section][et_pb_section fb_built=&#8221;1&#8243; custom_padding_last_edited=&#8221;on|desktop&#8221; admin_label=&#8221;section&#8221; _builder_version=&#8221;3.22&#8243; custom_padding=&#8221;|||&#8221; custom_padding_tablet=&#8221;50px|0|50px|0&#8243; custom_padding_phone=&#8221;&#8221; transparent_background=&#8221;off&#8221; padding_mobile=&#8221;off&#8221; make_fullwidth=&#8221;off&#8221; use_custom_width=&#8221;off&#8221; width_unit=&#8221;off&#8221; custom_width_px=&#8221;1080px&#8221; custom_width_percent=&#8221;80%&#8221;][et_pb_row use_custom_gutter=&#8221;on&#8221; gutter_width=&#8221;2&#8243; padding_mobile=&#8221;off&#8221; column_padding_mobile=&#8221;on&#8221; admin_label=&#8221;row&#8221; module_class=&#8221; et_pb_row_fullwidth&#8221; _builder_version=&#8221;4.0.2&#8243; background_size=&#8221;initial&#8221; background_position=&#8221;top_left&#8221; background_repeat=&#8221;repeat&#8221; width_tablet=&#8221;80%&#8221; width_phone=&#8221;&#8221; width_last_edited=&#8221;on|desktop&#8221; max_width_tablet=&#8221;80%&#8221; max_width_phone=&#8221;&#8221; max_width_last_edited=&#8221;on|desktop&#8221; custom_padding=&#8221;2px|2px|2px|2px&#8221; make_fullwidth=&#8221;on&#8221; use_custom_width=&#8221;off&#8221; width_unit=&#8221;off&#8221; custom_width_px=&#8221;1080px&#8221; custom_width_percent=&#8221;100%&#8221;][et_pb_column type=&#8221;4_4&#8243; _builder_version=&#8221;3.25&#8243; custom_padding=&#8221;|||&#8221; custom_padding__hover=&#8221;|||&#8221;][et_pb_blog fullwidth=&#8221;off&#8221; posts_number=&#8221;140&#8243; include_categories=&#8221;91,55,2,33,17,19,113,140,48,85,104,128,76,142,130,99,106,118,80,86,96,101,112,200,199,all&#8221; meta_date=&#8221;j M, Y&#8221; show_more=&#8221;on&#8221; show_author=&#8221;off&#8221; show_date=&#8221;off&#8221; show_categories=&#8221;off&#8221; use_overlay=&#8221;on&#8221; overlay_icon_color=&#8221;#f2f7e8&#8243; hover_overlay_color=&#8221;rgba(0,0,0,0.2)&#8221; hover_icon=&#8221;%%171%%&#8221; admin_label=&#8221;Blog&#8221; _builder_version=&#8221;4.3.3&#8243; header_font=&#8221;Open Sans||||&#8221; meta_font=&#8221;||on||&#8221; meta_font_size=&#8221;12&#8243; pagination_font_size_tablet=&#8221;51&#8243; pagination_line_height_tablet=&#8221;2&#8243; use_dropshadow=&#8221;off&#8221;][\/et_pb_blog][et_pb_sidebar area=&#8221;sidebar-1&#8243; _builder_version=&#8221;4.0.2&#8243; remove_border=&#8221;off&#8221;][\/et_pb_sidebar][et_pb_post_nav show_prev=&#8221;off&#8221; show_next=&#8221;off&#8221; admin_label=&#8221;Inl\u00e4ggsnavigering&#8221; _builder_version=&#8221;4.0.4&#8243;][\/et_pb_post_nav][\/et_pb_column][\/et_pb_row][\/et_pb_section][et_pb_section fb_built=&#8221;1&#8243; _builder_version=&#8221;4.0.9&#8243;][et_pb_row _builder_version=&#8221;4.0.9&#8243;][et_pb_column type=&#8221;4_4&#8243; _builder_version=&#8221;4.0.9&#8243;][\/et_pb_column][\/et_pb_row][\/et_pb_section]<\/p>\n","protected":false},"excerpt":{"rendered":"","protected":false},"author":1,"featured_media":40854,"parent":0,"menu_order":0,"comment_status":"closed","ping_status":"closed","template":"","meta":{"_et_pb_use_builder":"on","_et_pb_old_content":"","_et_gb_content_width":"","footnotes":""},"class_list":["post-4773","page","type-page","status-publish","has-post-thumbnail","hentry"],"yoast_head":"<!-- This site is optimized with the Yoast SEO plugin v27.3 - https:\/\/yoast.com\/product\/yoast-seo-wordpress\/ -->\n<title>Blog - Fotograf G\u00f6teborg | Stig Albansson | Blogg<\/title>\n<meta name=\"robots\" content=\"index, follow, max-snippet:-1, max-image-preview:large, max-video-preview:-1\" \/>\n<link rel=\"canonical\" href=\"https:\/\/stigalbansson.se\/blog\/\" \/>\n<meta property=\"og:locale\" content=\"sv_SE\" \/>\n<meta property=\"og:type\" content=\"article\" \/>\n<meta property=\"og:title\" content=\"Blog - Fotograf G\u00f6teborg | Stig Albansson | Blogg\" \/>\n<meta property=\"og:url\" content=\"https:\/\/stigalbansson.se\/blog\/\" \/>\n<meta property=\"og:site_name\" content=\"Fotograf G\u00f6teborg | Stig Albansson | Blogg\" \/>\n<meta property=\"article:publisher\" content=\"https:\/\/www.facebook.com\/stigalban\/\" \/>\n<meta property=\"article:modified_time\" content=\"2020-08-04T20:28:18+00:00\" \/>\n<meta property=\"og:image\" content=\"https:\/\/stigalbansson.se\/blog\/wp-content\/uploads\/2020\/08\/Sk\u00e4rmklipp-2020-08-04-22.22.10-1024x661.png\" \/>\n\t<meta property=\"og:image:width\" content=\"1024\" \/>\n\t<meta property=\"og:image:height\" content=\"661\" \/>\n\t<meta property=\"og:image:type\" content=\"image\/png\" \/>\n<meta name=\"twitter:card\" content=\"summary_large_image\" \/>\n<meta name=\"twitter:site\" content=\"@stigalbansson\" \/>\n<meta name=\"twitter:label1\" content=\"Ber\u00e4knad l\u00e4stid\" \/>\n\t<meta name=\"twitter:data1\" content=\"2 minuter\" \/>\n<script type=\"application\/ld+json\" class=\"yoast-schema-graph\">{\"@context\":\"https:\\\/\\\/schema.org\",\"@graph\":[{\"@type\":\"WebPage\",\"@id\":\"https:\\\/\\\/stigalbansson.se\\\/blog\\\/\",\"url\":\"https:\\\/\\\/stigalbansson.se\\\/blog\\\/\",\"name\":\"Blog - Fotograf G\u00f6teborg | Stig Albansson | Blogg\",\"isPartOf\":{\"@id\":\"https:\\\/\\\/www.stigalbansson.se\\\/blog\\\/#website\"},\"primaryImageOfPage\":{\"@id\":\"https:\\\/\\\/stigalbansson.se\\\/blog\\\/#primaryimage\"},\"image\":{\"@id\":\"https:\\\/\\\/stigalbansson.se\\\/blog\\\/#primaryimage\"},\"thumbnailUrl\":\"https:\\\/\\\/stigalbansson.se\\\/blog\\\/wp-content\\\/uploads\\\/2020\\\/08\\\/Sk\u00e4rmklipp-2020-08-04-22.22.02.png\",\"datePublished\":\"2016-10-05T20:49:36+00:00\",\"dateModified\":\"2020-08-04T20:28:18+00:00\",\"breadcrumb\":{\"@id\":\"https:\\\/\\\/stigalbansson.se\\\/blog\\\/#breadcrumb\"},\"inLanguage\":\"sv-SE\",\"potentialAction\":[{\"@type\":\"ReadAction\",\"target\":[\"https:\\\/\\\/stigalbansson.se\\\/blog\\\/\"]}]},{\"@type\":\"ImageObject\",\"inLanguage\":\"sv-SE\",\"@id\":\"https:\\\/\\\/stigalbansson.se\\\/blog\\\/#primaryimage\",\"url\":\"https:\\\/\\\/stigalbansson.se\\\/blog\\\/wp-content\\\/uploads\\\/2020\\\/08\\\/Sk\u00e4rmklipp-2020-08-04-22.22.02.png\",\"contentUrl\":\"https:\\\/\\\/stigalbansson.se\\\/blog\\\/wp-content\\\/uploads\\\/2020\\\/08\\\/Sk\u00e4rmklipp-2020-08-04-22.22.02.png\",\"width\":1900,\"height\":1083},{\"@type\":\"BreadcrumbList\",\"@id\":\"https:\\\/\\\/stigalbansson.se\\\/blog\\\/#breadcrumb\",\"itemListElement\":[{\"@type\":\"ListItem\",\"position\":1,\"name\":\"Hem\",\"item\":\"https:\\\/\\\/stigalbansson.se\\\/blog\\\/\"},{\"@type\":\"ListItem\",\"position\":2,\"name\":\"Blog\"}]},{\"@type\":\"WebSite\",\"@id\":\"https:\\\/\\\/www.stigalbansson.se\\\/blog\\\/#website\",\"url\":\"https:\\\/\\\/www.stigalbansson.se\\\/blog\\\/\",\"name\":\"Fotograf G\u00f6teborg | Stig Albansson | Blogg\",\"description\":\"Fotograf i G\u00f6teborg som jobbar med portr\u00e4ttfoto, personalfoto, dr\u00f6narfoto, produktfoto och br\u00f6llopsfoto\",\"publisher\":{\"@id\":\"https:\\\/\\\/www.stigalbansson.se\\\/blog\\\/#organization\"},\"potentialAction\":[{\"@type\":\"SearchAction\",\"target\":{\"@type\":\"EntryPoint\",\"urlTemplate\":\"https:\\\/\\\/www.stigalbansson.se\\\/blog\\\/?s={search_term_string}\"},\"query-input\":{\"@type\":\"PropertyValueSpecification\",\"valueRequired\":true,\"valueName\":\"search_term_string\"}}],\"inLanguage\":\"sv-SE\"},{\"@type\":\"Organization\",\"@id\":\"https:\\\/\\\/www.stigalbansson.se\\\/blog\\\/#organization\",\"name\":\"Fotograf Stig Albansson\",\"url\":\"https:\\\/\\\/www.stigalbansson.se\\\/blog\\\/\",\"logo\":{\"@type\":\"ImageObject\",\"inLanguage\":\"sv-SE\",\"@id\":\"https:\\\/\\\/www.stigalbansson.se\\\/blog\\\/#\\\/schema\\\/logo\\\/image\\\/\",\"url\":\"https:\\\/\\\/www.stigalbansson.com\\\/blog\\\/wp-content\\\/uploads\\\/2019\\\/03\\\/fsa-guld.jpg\",\"contentUrl\":\"https:\\\/\\\/www.stigalbansson.com\\\/blog\\\/wp-content\\\/uploads\\\/2019\\\/03\\\/fsa-guld.jpg\",\"width\":900,\"height\":900,\"caption\":\"Fotograf Stig Albansson\"},\"image\":{\"@id\":\"https:\\\/\\\/www.stigalbansson.se\\\/blog\\\/#\\\/schema\\\/logo\\\/image\\\/\"},\"sameAs\":[\"https:\\\/\\\/www.facebook.com\\\/stigalban\\\/\",\"https:\\\/\\\/x.com\\\/stigalbansson\",\"https:\\\/\\\/instagram.com\\\/stigalbansson\",\"https:\\\/\\\/www.linkedin.com\\\/in\\\/stigalbansson\\\/\",\"https:\\\/\\\/www.pinterest.se\\\/stigalbansson\\\/\"]}]}<\/script>\n<!-- \/ Yoast SEO plugin. -->","yoast_head_json":{"title":"Blog - Fotograf G\u00f6teborg | Stig Albansson | Blogg","robots":{"index":"index","follow":"follow","max-snippet":"max-snippet:-1","max-image-preview":"max-image-preview:large","max-video-preview":"max-video-preview:-1"},"canonical":"https:\/\/stigalbansson.se\/blog\/","og_locale":"sv_SE","og_type":"article","og_title":"Blog - Fotograf G\u00f6teborg | Stig Albansson | Blogg","og_url":"https:\/\/stigalbansson.se\/blog\/","og_site_name":"Fotograf G\u00f6teborg | Stig Albansson | Blogg","article_publisher":"https:\/\/www.facebook.com\/stigalban\/","article_modified_time":"2020-08-04T20:28:18+00:00","og_image":[{"width":1024,"height":661,"url":"https:\/\/stigalbansson.se\/blog\/wp-content\/uploads\/2020\/08\/Sk\u00e4rmklipp-2020-08-04-22.22.10-1024x661.png","type":"image\/png"}],"twitter_card":"summary_large_image","twitter_site":"@stigalbansson","twitter_misc":{"Ber\u00e4knad l\u00e4stid":"2 minuter"},"schema":{"@context":"https:\/\/schema.org","@graph":[{"@type":"WebPage","@id":"https:\/\/stigalbansson.se\/blog\/","url":"https:\/\/stigalbansson.se\/blog\/","name":"Blog - Fotograf G\u00f6teborg | Stig Albansson | Blogg","isPartOf":{"@id":"https:\/\/www.stigalbansson.se\/blog\/#website"},"primaryImageOfPage":{"@id":"https:\/\/stigalbansson.se\/blog\/#primaryimage"},"image":{"@id":"https:\/\/stigalbansson.se\/blog\/#primaryimage"},"thumbnailUrl":"https:\/\/stigalbansson.se\/blog\/wp-content\/uploads\/2020\/08\/Sk\u00e4rmklipp-2020-08-04-22.22.02.png","datePublished":"2016-10-05T20:49:36+00:00","dateModified":"2020-08-04T20:28:18+00:00","breadcrumb":{"@id":"https:\/\/stigalbansson.se\/blog\/#breadcrumb"},"inLanguage":"sv-SE","potentialAction":[{"@type":"ReadAction","target":["https:\/\/stigalbansson.se\/blog\/"]}]},{"@type":"ImageObject","inLanguage":"sv-SE","@id":"https:\/\/stigalbansson.se\/blog\/#primaryimage","url":"https:\/\/stigalbansson.se\/blog\/wp-content\/uploads\/2020\/08\/Sk\u00e4rmklipp-2020-08-04-22.22.02.png","contentUrl":"https:\/\/stigalbansson.se\/blog\/wp-content\/uploads\/2020\/08\/Sk\u00e4rmklipp-2020-08-04-22.22.02.png","width":1900,"height":1083},{"@type":"BreadcrumbList","@id":"https:\/\/stigalbansson.se\/blog\/#breadcrumb","itemListElement":[{"@type":"ListItem","position":1,"name":"Hem","item":"https:\/\/stigalbansson.se\/blog\/"},{"@type":"ListItem","position":2,"name":"Blog"}]},{"@type":"WebSite","@id":"https:\/\/www.stigalbansson.se\/blog\/#website","url":"https:\/\/www.stigalbansson.se\/blog\/","name":"Fotograf G\u00f6teborg | Stig Albansson | Blogg","description":"Fotograf i G\u00f6teborg som jobbar med portr\u00e4ttfoto, personalfoto, dr\u00f6narfoto, produktfoto och br\u00f6llopsfoto","publisher":{"@id":"https:\/\/www.stigalbansson.se\/blog\/#organization"},"potentialAction":[{"@type":"SearchAction","target":{"@type":"EntryPoint","urlTemplate":"https:\/\/www.stigalbansson.se\/blog\/?s={search_term_string}"},"query-input":{"@type":"PropertyValueSpecification","valueRequired":true,"valueName":"search_term_string"}}],"inLanguage":"sv-SE"},{"@type":"Organization","@id":"https:\/\/www.stigalbansson.se\/blog\/#organization","name":"Fotograf Stig Albansson","url":"https:\/\/www.stigalbansson.se\/blog\/","logo":{"@type":"ImageObject","inLanguage":"sv-SE","@id":"https:\/\/www.stigalbansson.se\/blog\/#\/schema\/logo\/image\/","url":"https:\/\/www.stigalbansson.com\/blog\/wp-content\/uploads\/2019\/03\/fsa-guld.jpg","contentUrl":"https:\/\/www.stigalbansson.com\/blog\/wp-content\/uploads\/2019\/03\/fsa-guld.jpg","width":900,"height":900,"caption":"Fotograf Stig Albansson"},"image":{"@id":"https:\/\/www.stigalbansson.se\/blog\/#\/schema\/logo\/image\/"},"sameAs":["https:\/\/www.facebook.com\/stigalban\/","https:\/\/x.com\/stigalbansson","https:\/\/instagram.com\/stigalbansson","https:\/\/www.linkedin.com\/in\/stigalbansson\/","https:\/\/www.pinterest.se\/stigalbansson\/"]}]}},"_links":{"self":[{"href":"https:\/\/stigalbansson.se\/blog\/wp-json\/wp\/v2\/pages\/4773","targetHints":{"allow":["GET"]}}],"collection":[{"href":"https:\/\/stigalbansson.se\/blog\/wp-json\/wp\/v2\/pages"}],"about":[{"href":"https:\/\/stigalbansson.se\/blog\/wp-json\/wp\/v2\/types\/page"}],"author":[{"embeddable":true,"href":"https:\/\/stigalbansson.se\/blog\/wp-json\/wp\/v2\/users\/1"}],"replies":[{"embeddable":true,"href":"https:\/\/stigalbansson.se\/blog\/wp-json\/wp\/v2\/comments?post=4773"}],"version-history":[{"count":57,"href":"https:\/\/stigalbansson.se\/blog\/wp-json\/wp\/v2\/pages\/4773\/revisions"}],"predecessor-version":[{"id":40844,"href":"https:\/\/stigalbansson.se\/blog\/wp-json\/wp\/v2\/pages\/4773\/revisions\/40844"}],"wp:featuredmedia":[{"embeddable":true,"href":"https:\/\/stigalbansson.se\/blog\/wp-json\/wp\/v2\/media\/40854"}],"wp:attachment":[{"href":"https:\/\/stigalbansson.se\/blog\/wp-json\/wp\/v2\/media?parent=4773"}],"curies":[{"name":"wp","href":"https:\/\/api.w.org\/{rel}","templated":true}]}}